e number?
False
Is 21653 composite?
True
Is 2971 prime?
True
Is 2563 a prime number?
False
Is 244291 prime?
True
Is 133979 a composite number?
False
Is 8923 a prime number?
True
Is 1355254 composite?
True
Is 673 a prime number?
True
Is 12781 prime?
True
Is 355609 a prime number?
True
Is 33094 a composite number?
True
Is 367553 composite?
True
Is 11369 a composite number?
False
Is 11791 composite?
True
Is 154531 a prime number?
False
Is 757507 a composite number?
False
Is 55291 a prime number?
True
Is 238351 prime?
False
Is 34841 a prime number?
True
Is 523429 a composite number?
True
Is 11719 a composite number?
False
Is 190163 a prime number?
False
Is 5701 a composite number?
False
Is 104207 a prime number?
True
Is 14891 a prime number?
True
Is 455953 composite?
False
Is 3844163 prime?
False
Is 145 prime?
False
Is 74959 a prime number?
True
Is 2351441 a prime number?
True
Is 1555021 prime?
False
Is 149441 a prime number?
True
Is 22283 prime?
True
Is 55855 prime?
False
Is 1949 composite?
False
Is 7463 composite?
True
Is 1941 a composite number?
True
Is 1402 prime?
False
Is 176639 prime?
False
Is 255007 composite?
False
Is 275789 a prime number?
False
Is 31643 a prime number?
True
Is 91801 a composite number?
False
Is 12185 a composite number?
True
Is 404249 a composite number?
False
Is 10231 composite?
True
Is 435259 prime?
False
Is 780863 a prime number?
False
Is 213079 a prime number?
True
Is 593067 a prime number?
False
Is 10967 a prime number?
False
Is 149 a composite number?
False
Is 152749 composite?
True
Is 40693 composite?
False
Is 867253 composite?
False
Is 35414 a composite number?
True
Is 28949 prime?
True
Is 1679113 prime?
True
Is 612699 a prime number?
False
Is 5447 a composite number?
True
Is 12417 prime?
False
Is 486119 composite?
False
Is 5371 a composite number?
True
Is 7694 prime?
False
Is 523 prime?
True
Is 1623917 a prime number?
True
Is 73121 a composite number?
False
Is 3407 a prime number?
True
Is 8207 prime?
False
Is 7789 composite?
False
Is 4553 a prime number?
False
Is 32293 prime?
False
Is 903937 composite?
True
Is 8083 a composite number?
True
Is 2959 a prime number?
False
Is 97193 composite?
True
Is 142909 a composite number?
True
Is 130387 prime?
False
Is 10814 composite?
True
Is 3425831 a prime number?
True
Is 23255 a composite number?
True
Is 259705 a composite number?
True
Is 3937 a prime number?
False
Is 39397 prime?
True
Is 27053 a prime number?
False
Is 23461 a composite number?
True
Is 73171 composite?
True
Is 177839 a prime number?
True
Is 22735 a prime number?
False
Is 5167 composite?
False
Is 11013 composite?
True
Is 10847 prime?
True
Is 451 a composite number?
True
Is 224521 a prime number?
False
Is 11219 composite?
True
Is 140473 prime?
True
Is 18089 prime?
True
Is 3607 prime?
True
Is 177591 composite?
True
Is 25639 a composite number?
False
Is 160579 a prime number?
True
Is 510817 a prime number?
True
Is 3365 a prime number?
False
Is 660047 a composite number?
False
Is 1003 a prime number?
False
Is 83437 a prime number?
True
Is 35759 a prime number?
True
Is 79019 a composite number?
True
Is 159727 composite?
True
Is 285877 a prime number?
False
Is 199873 a composite number?
False
Is 9731 a composite number?
True
Is 26909 composite?
True
Is 94191 a composite number?
True
Is 33287 prime?
True
Is 7103 composite?
False
Is 286813 prime?
True
Is 6121 a prime number?
True
Is 3831 prime?
False
Is 743 a composite number?
False
Is 6007 a prime number?
True
Is 31379 composite?
False
Is 17827 composite?
False
Is 288127 prime?
False
Is 84913 a composite number?
False
Is 21797 a composite number?
True
Is 214295 a prime number?
False
Is 10977 a prime number?
False
Is 20819 a prime number?
False
Is 379 a prime number?
True
Is 22874 a composite number?
True
Is 200227 composite?
False
Is 862603 prime?
False
Is 31555 a prime number?
False
Is 56593 composite?
True
Is 181309 composite?
True
Is 131357 prime?
True
Is 5471 prime?
True
Is 646241 prime?
False
Is 166799 a prime number?
True
Is 33249 composite?
True
Is 38593 composite?
False
Is 38487 a prime number?
False
Is 123674 prime?
False
Is 72497 a composite number?
False
Is 956719 composite?
True
Is 145391 prime?
True
Is 17827 prime?
True
Is 73819 a composite number?
False
Is 18079 a prime number?
False
Is 196403 a composite number?
True
Is 204511 a composite number?
False
Is 37295 prime?
False
Is 82783 a prime number?
False
Is 752941 a composite number?
True
Is 312701 a prime number?
True
Is 1386123 a prime number?
False
Is 43141 a composite number?
True
Is 25157 a composite number?
True
Is 193073 composite?
False
Is 31973 composite?
False
Is 1624159 prime?
True
Is 107453 a prime number?
True
Is 63221 a prime number?
False
Is 24751 a composite number?
True
Is 62333 a composite number?
True
Is 68683 prime?
True
Is 892471 a composite number?
False
Is 186859 prime?
True
Is 17167 composite?
False
Is 72967 a prime number?
False
Is 503 a prime number?
True
Is 523799 prime?
False
Is 23267 a composite number?
True
Is 6163 prime?
True
Is 23509 a composite number?
False
Is 15959 a composite number?
False
Is 1103789 a composite number?
True
Is 400381 a prime number?
True
Is 287769 composite?
True
Is 21247 a composite number?
False
Is 41867 composite?
True
Is 1747 a composite number?
False
Is 155729 a composite number?
True
Is 238859 a prime number?
True
Is 604949 a composite number?
False
Is 1041 prime?
False
Is 54539 prime?
True
Is 373447 a composite number?
False
Is 39647 composite?
True
Is 11341 composite?
True
Is 10895 a composite number?
True
Is 381619 composite?
True
Is 2321 a prime number?
False
Is 136907 prime?
False
Is 236545 a prime number?
False
Is 1530367 a composite number?
True
Is 59269 prime?
False
Is 335605 prime?
False
Is 614861 composite?
True
Is 203479 a prime number?
False
Is 24229 prime?
True
Is 1193 prime?
True
Is 21349 a prime number?
False
Is 283889 a prime number?
False
Is 6005 prime?
False
Is 3235 prime?
False
Is 16711 a composite number?
True
Is 39887 a composite number?
False
Is 1536943 a prime number?
False
Is 863 composite?
False
Is 2101 prime?
False
Is 8321 composite?
True
Is 1236997 prime?
False
Is 451847 a prime number?
False
Is 697 a composite number?
True
Is 344099 a prime number?
False
Is 1151 prime?
True
Is 8887 a composite number?
False
Is 101267 composite?
False
Is 47491 prime?
True
Is 67358 a prime number?
False
Is 275107 prime?
False
Is 3985 a composite number?
True
Is 1393 a prime number?
False
Is 489973 a composite number?
True
Is 53527 composite?
False
Is 506227 prime?
False
Is 4711 a composite number?
True
Is 9409 a composite number?
True
Is 731489 a composite number?
True
Is 86683 prime?
False
Is 234083 a prime number?
True
Is 6677287 a prime number?
False
Is 135419 a prime number?
False
Is 195961 composite?
True
Is 50119 composite?
False
Is 16979 prime?
True
Is 231169 composite?
False
Is 1648739 a composite number?
False
Is 168251 prime?
False
Is 112121 a composite number?
False
Is 29321 a prime number?
False
Is 1457953 a prime number?
False
Is 28957 composite?
True
Is 1205921 a prime number?
True
Is 2002907 prime?
True
Is 25031 composite?
False
Is 5489 composite?
True
Is 24407 prime?
True
Is 1649 composite?
True
Is 69347 a prime number?
False
Is 776201 a prime number?
True
Is 2471 prime?
False
Is 1766807 composite?
True
Is 500197 prime?
True
Is 289979 prime?
False
Is 70267 prime?
False
Is 4163 a prime number?
False
Is 13346 a prime number?
False
Is 732157 prime?
True
Is 1277651 a prime number?
True
Is 11233 a composite number?
True
Is 4967 composite?
False
Is 80741 composite?
True
Is 509783 prime?
True
Is 2395 a composite number?
True
Is 21419 a prime number?
True
Is 1361 composite?
False
Is 4321 composite?
True
Is 29917 prime?
True
Is 4981 a prime number?
False
Is 26587 a prime number?
False
Is 86981 composite?
False
Is 18949 prime?
False
Is 52643 composite?
True
Is 2580019 a composite number?
True
Is 3754 prime?
False
Is 96155 a prime number?
False
Is 169571 composite?
True
Is 200101 a prime number?
False
Is 3557 a composite number?
False
Is 1867147 composite?
False
Is 23093 a prime number?
False
Is 3278519 a composite number?
False
Is 2416549 a prime number?
False
Is 40367 composite?
True
Is 80623 prime?
False
Is 164173 compo